{"id":242,"date":"2020-07-13T20:07:27","date_gmt":"2020-07-13T18:07:27","guid":{"rendered":"https:\/\/seayoutraveler.mewi-projekte.de\/?page_id=242"},"modified":"2021-02-16T22:34:00","modified_gmt":"2021-02-16T21:34:00","slug":"interkultureller-hintergrund","status":"publish","type":"page","link":"https:\/\/seayoutraveler.mewi-projekte.de\/?page_id=242","title":{"rendered":"Interkultur"},"content":{"rendered":"<div class=\"flex_column av_one_full  flex_column_div av-zero-column-padding first  avia-builder-el-0  el_before_av_hr  avia-builder-el-first  \" style='border-radius:0px; '><p><div  style='padding-bottom:10px; ' class='av-special-heading av-special-heading-h1  blockquote modern-quote modern-centered  avia-builder-el-1  el_before_av_heading  avia-builder-el-first  '><h1 class='av-special-heading-tag '  itemprop=\"headline\"  >Interkultureller Hintergrund<\/h1><div class='special-heading-border'><div class='special-heading-inner-border' ><\/div><\/div><\/div><br \/>\n<div  style='padding-bottom:10px; ' class='av-special-heading av-special-heading-h2  blockquote modern-quote modern-centered  avia-builder-el-2  el_after_av_heading  avia-builder-el-last  '><h2 class='av-special-heading-tag '  itemprop=\"headline\"  >Interview mit Janine Zellner <\/h2><div class ='av-subheading av-subheading_below  ' style='font-size:15px;'><p>Leiterin des interkulturellen Begleitprogramms der Uni T\u00fcbingen<\/p>\n<\/div><div class='special-heading-border'><div class='special-heading-inner-border' ><\/div><\/div><\/div><\/p><\/div>\n<div  style=' margin-top:30px; margin-bottom:30px;'  class='hr hr-custom hr-center hr-icon-no   avia-builder-el-3  el_after_av_one_full  el_before_av_textblock '><span class='hr-inner  inner-border-av-border-none' style=' width:50px;' ><span class='hr-inner-style'><\/span><\/span><\/div>\n<section class=\"av_textblock_section \"  itemscope=\"itemscope\" itemtype=\"https:\/\/schema.org\/CreativeWork\" ><div class='avia_textblock  '   itemprop=\"text\" ><p>Wenn man sich versucht, in eine andere Kultur einzuleben, kann es zu einer Vielzahl an Schwierigkeiten kommen. Interkulturelle Reibereien und Herausforderungen stehen dabei an der Tagesordnung. Aber genau in diesen Unterschieden liegt das gro\u00dfe Lernpotenzial. Deshalb habe ich vor, w\u00e4hrend und nach meinem Auslandsaufenthalt in Australien bei Janine Zellner den Kurs<em> Interkulturelle Kompetenzentwicklung<\/em> besucht. Darin hat sie uns interkulturelle Knackpunkte n\u00e4hergebracht und uns so auf Dinge wie den Kulturschock oder interkulturelle Missverst\u00e4ndnisse vorbereitet. Ohne diese Vor- und Nachbereitung sowie Begleitung w\u00e4hrend des Aufenthaltes h\u00e4tte ich sicherlich weniger aus meinem Auslandssemester mitgenommen. Deshalb habe ich sie f\u00fcr euch noch einmal zu diesem Thema interviewt.<\/p>\n<\/div><\/section>\n<div class=\"flex_column av_one_full  flex_column_div av-zero-column-padding first  avia-builder-el-5  el_after_av_textblock  el_before_av_one_full  column-top-margin\" style='border-radius:0px; '><p><div  style='padding-bottom:10px; ' class='av-special-heading av-special-heading-h3    avia-builder-el-6  el_before_av_video  avia-builder-el-first  '><h3 class='av-special-heading-tag '  itemprop=\"headline\"  >Kulturschock<\/h3><div class='special-heading-border'><div class='special-heading-inner-border' ><\/div><\/div><\/div><br \/>\n<div  class='avia-video avia-video-16-9   av-lazyload-immediate  av-lazyload-video-embed  '   itemprop=\"video\" itemtype=\"https:\/\/schema.org\/VideoObject\"  data-original_url='https:\/\/youtu.be\/sK4-b3re1hE' ><script type='text\/html' class='av-video-tmpl'><div class='avia-iframe-wrap'><iframe title=\"Seayoutraveler \u2013 Interkulturelle Kompetenzen (1): Kulturschock\" width=\"1500\" height=\"844\" src=\"https:\/\/www.youtube.com\/embed\/sK4-b3re1hE?feature=oembed&autoplay=0&loop=0&controls=1&mute=0\" frameborder=\"0\" allow=\"accelerometer; autoplay; clipboard-write; encrypted-media; gyroscope; picture-in-picture\" allowfullscreen><\/iframe><\/div><\/script><div class='av-click-to-play-overlay'><div class=\"avia_playpause_icon\"><\/div><\/div><\/div><br \/>\n<section class=\"av_textblock_section \"  itemscope=\"itemscope\" itemtype=\"https:\/\/schema.org\/CreativeWork\" ><div class='avia_textblock  '   itemprop=\"text\" ><p>Bei einem Auslandsaufenthalt wird man aus seinem gewohnten, sicheren Umfeld herausgerissen und alleine in eine komplett neue Umgebung gesteckt, in der man versucht, irgendwie klarzukommen. Das kann einem je nach Pers\u00f6nlichkeit und je nachdem, wie \u00e4hnlich die Gastkultur zur Heimatkultur ist, leichter oder schwerer fallen. Bei diesem neuen Orientieren und Kalibrieren machen wir unter Umst\u00e4nden verschiedene Phasen durch, die sich bei Auslandsreisenden oft \u00e4hneln. Mit Janine Zellner habe ich besprochen, was diese Phasen eines Kulturschocks genau beinhalten und wie man am besten mit ihnen umgehen kann.<\/p>\n<\/div><\/section><\/p><\/div><div class=\"flex_column av_one_full  flex_column_div av-zero-column-padding first  avia-builder-el-9  el_after_av_one_full  el_before_av_one_full  column-top-margin\" style='border-radius:0px; '><p><div  style='padding-bottom:10px; ' class='av-special-heading av-special-heading-h3    avia-builder-el-10  el_before_av_video  avia-builder-el-first  '><h3 class='av-special-heading-tag '  itemprop=\"headline\"  >Wie lerne ich neue Leute kennen? Und warum Kultur nicht alles ist.<\/h3><div class='special-heading-border'><div class='special-heading-inner-border' ><\/div><\/div><\/div><br \/>\n<div  class='avia-video avia-video-16-9   av-lazyload-immediate  av-lazyload-video-embed  '   itemprop=\"video\" itemtype=\"https:\/\/schema.org\/VideoObject\"  data-original_url='https:\/\/youtu.be\/OHBeHS1qlkY' ><script type='text\/html' class='av-video-tmpl'><div class='avia-iframe-wrap'><iframe title=\"Seayoutraveler \u2013 Interkulturelle Kompetenzen (2): Kennen lernen und Kultur ist nicht alles\" width=\"1500\" height=\"844\" src=\"https:\/\/www.youtube.com\/embed\/OHBeHS1qlkY?feature=oembed&autoplay=0&loop=0&controls=1&mute=0\" frameborder=\"0\" allow=\"accelerometer; autoplay; clipboard-write; encrypted-media; gyroscope; picture-in-picture\" allowfullscreen><\/iframe><\/div><\/script><div class='av-click-to-play-overlay'><div class=\"avia_playpause_icon\"><\/div><\/div><\/div><br \/>\n<section class=\"av_textblock_section \"  itemscope=\"itemscope\" itemtype=\"https:\/\/schema.org\/CreativeWork\" ><div class='avia_textblock  '   itemprop=\"text\" ><p>Was auf alle Auslandsreisende zukommt: Neue Menschen kennen lernen und neue Freunde finden. Das kann je nach Kultur ganz unterschiedlich funktionieren. Die gro\u00dfe Frage ist hierbei, wer geht auf wen als erstes zu?<\/p>\n<p>Aber nicht nur die Kultur beeinflusst unser Verhalten im Allgemeinen. Die Pers\u00f6nlichkeit und die speziellen Situationen spielen dabei eine genauso gro\u00dfe Rolle.<\/p>\n<p>Dar\u00fcber habe ich mit Janine in diesem Teil des Interviews gesprochen.<\/p>\n<\/div><\/section><\/p><\/div><\/p>\n<div class=\"flex_column av_one_full  flex_column_div av-zero-column-padding first  avia-builder-el-13  el_after_av_one_full  el_before_av_one_full  column-top-margin\" style='border-radius:0px; '><p><div  style='padding-bottom:10px; ' class='av-special-heading av-special-heading-h3    avia-builder-el-14  el_before_av_video  avia-builder-el-first  '><h3 class='av-special-heading-tag '  itemprop=\"headline\"  >Unikultur: Verh\u00e4ltnis Dozenten &#8211; Studierende<\/h3><div class='special-heading-border'><div class='special-heading-inner-border' ><\/div><\/div><\/div><br \/>\n<div  class='avia-video avia-video-16-9   av-lazyload-immediate  av-lazyload-video-embed  '   itemprop=\"video\" itemtype=\"https:\/\/schema.org\/VideoObject\"  data-original_url='https:\/\/youtu.be\/2t28PNLlbRw' ><script type='text\/html' class='av-video-tmpl'><div class='avia-iframe-wrap'><iframe title=\"Seayoutraveler \u2013 Interkulturelle Kompetenzen (3): Verh\u00e4ltnis Dozenten Studierende (Unikontext)\" width=\"1500\" height=\"844\" src=\"https:\/\/www.youtube.com\/embed\/2t28PNLlbRw?feature=oembed&autoplay=0&loop=0&controls=1&mute=0\" frameborder=\"0\" allow=\"accelerometer; autoplay; clipboard-write; encrypted-media; gyroscope; picture-in-picture\" allowfullscreen><\/iframe><\/div><\/script><div class='av-click-to-play-overlay'><div class=\"avia_playpause_icon\"><\/div><\/div><\/div><br \/>\n<section class=\"av_textblock_section \"  itemscope=\"itemscope\" itemtype=\"https:\/\/schema.org\/CreativeWork\" ><div class='avia_textblock  '   itemprop=\"text\" ><p>Die Universit\u00e4t stellt noch einmal eine ganz besondere, eigene Kultur dar. Diese Universit\u00e4tskultur des Gastlandes kann sich stark von der des Heimatlandes unterscheiden. Dabei k\u00f6nnen sich die Erwartungen von den Dozenten an die Studierenden und anders herum je nach Kultur stark unterscheiden. Janine erkl\u00e4rt uns hier, wo es zu m\u00f6glichen Missverst\u00e4ndnissen kommen kann.<\/p>\n<\/div><\/section><\/p><\/div>\n<div class=\"flex_column av_one_full  flex_column_div av-zero-column-padding first  avia-builder-el-17  el_after_av_one_full  el_before_av_one_full  column-top-margin\" style='border-radius:0px; '><p><div  style='padding-bottom:10px; ' class='av-special-heading av-special-heading-h3    avia-builder-el-18  el_before_av_video  avia-builder-el-first  '><h3 class='av-special-heading-tag '  itemprop=\"headline\"  >Unterschiedliche Kommunikationsstile<\/h3><div class='special-heading-border'><div class='special-heading-inner-border' ><\/div><\/div><\/div><br \/>\n<div  class='avia-video avia-video-16-9   av-lazyload-immediate  av-lazyload-video-embed  '   itemprop=\"video\" itemtype=\"https:\/\/schema.org\/VideoObject\"  data-original_url='https:\/\/youtu.be\/B9zjceD0gLI' ><script type='text\/html' class='av-video-tmpl'><div class='avia-iframe-wrap'><iframe title=\"Seayoutraveler \u2013 Interkulturelle Kompetenzen (4): Kommunikation\" width=\"1500\" height=\"844\" src=\"https:\/\/www.youtube.com\/embed\/B9zjceD0gLI?feature=oembed&autoplay=0&loop=0&controls=1&mute=0\" frameborder=\"0\" allow=\"accelerometer; autoplay; clipboard-write; encrypted-media; gyroscope; picture-in-picture\" allowfullscreen><\/iframe><\/div><\/script><div class='av-click-to-play-overlay'><div class=\"avia_playpause_icon\"><\/div><\/div><\/div><br \/>\n<section class=\"av_textblock_section \"  itemscope=\"itemscope\" itemtype=\"https:\/\/schema.org\/CreativeWork\" ><div class='avia_textblock  '   itemprop=\"text\" ><p>Wie wir mit unserem Umfeld kommunizieren, sehen wir als ganz nat\u00fcrlich und selbstverst\u00e4ndlich an. Wenn wir jedoch in eine fremde Kultur kommen, bemerken wir oft, dass die Art und Weise, wie Menschen der Gastkultur kommunizieren, von unserem eigenen Kommunikationsstil abweicht. Ich habe mit Janine dar\u00fcber gesprochen, wie sich die Kommunikationsstile unterscheiden k\u00f6nnen und worauf wir diesbez\u00fcglich bei einem Auslandsaufenthalt achten k\u00f6nnen.<\/p>\n<\/div><\/section><\/p><\/div>\n<div class=\"flex_column av_one_full  flex_column_div av-zero-column-padding first  avia-builder-el-21  el_after_av_one_full  el_before_av_one_full  column-top-margin\" style='border-radius:0px; '><p><div  style='padding-bottom:10px; ' class='av-special-heading av-special-heading-h3    avia-builder-el-22  el_before_av_video  avia-builder-el-first  '><h3 class='av-special-heading-tag '  itemprop=\"headline\"  >Unterschiedliche Zeitkonzepte<\/h3><div class='special-heading-border'><div class='special-heading-inner-border' ><\/div><\/div><\/div><br \/>\n<div  class='avia-video avia-video-16-9   av-lazyload-immediate  av-lazyload-video-embed  '   itemprop=\"video\" itemtype=\"https:\/\/schema.org\/VideoObject\"  data-original_url='https:\/\/youtu.be\/SU8sj5S4WxA' ><script type='text\/html' class='av-video-tmpl'><div class='avia-iframe-wrap'><iframe title=\"Seayoutraveler \u2013 Interkulturelle Kompetenzen (5): Zeitkonzepte\" width=\"1500\" height=\"844\" src=\"https:\/\/www.youtube.com\/embed\/SU8sj5S4WxA?feature=oembed&autoplay=0&loop=0&controls=1&mute=0\" frameborder=\"0\" allow=\"accelerometer; autoplay; clipboard-write; encrypted-media; gyroscope; picture-in-picture\" allowfullscreen><\/iframe><\/div><\/script><div class='av-click-to-play-overlay'><div class=\"avia_playpause_icon\"><\/div><\/div><\/div><br \/>\n<section class=\"av_textblock_section \"  itemscope=\"itemscope\" itemtype=\"https:\/\/schema.org\/CreativeWork\" ><div class='avia_textblock  '   itemprop=\"text\" ><p>Gerade in der deutschen Kultur spielt P\u00fcnktlichkeit eine gro\u00dfe Rolle. Dass dieses Zeitkonzept jedoch nicht das einzig g\u00fcltige sein kann, bemerken wir oftmals erst, wenn alle anderen um uns herum im Gastland nach einem anderen Zeitkonzept leben. Was die unterschiedlichen Zeitkonzepte ausmacht, bespreche ich hier mit Janine.<\/p>\n<\/div><\/section><\/p><\/div>\n<div class=\"flex_column av_one_full  flex_column_div av-zero-column-padding first  avia-builder-el-25  el_after_av_one_full  el_before_av_one_full  column-top-margin\" style='border-radius:0px; '><p><div  style='padding-bottom:10px; ' class='av-special-heading av-special-heading-h3    avia-builder-el-26  el_before_av_video  avia-builder-el-first  '><h3 class='av-special-heading-tag '  itemprop=\"headline\"  >Kulturdimension: Unsicherheitsvermeidung<\/h3><div class='special-heading-border'><div class='special-heading-inner-border' ><\/div><\/div><\/div><br \/>\n<div  class='avia-video avia-video-16-9   av-lazyload-immediate  av-lazyload-video-embed  '   itemprop=\"video\" itemtype=\"https:\/\/schema.org\/VideoObject\"  data-original_url='https:\/\/youtu.be\/G6RezkIIXeA' ><script type='text\/html' class='av-video-tmpl'><div class='avia-iframe-wrap'><iframe title=\"Seayoutraveler \u2013 Interkulturelle Kompetenzen (6): Unsicherheitsvermeidung\" width=\"1500\" height=\"844\" src=\"https:\/\/www.youtube.com\/embed\/G6RezkIIXeA?feature=oembed&autoplay=0&loop=0&controls=1&mute=0\" frameborder=\"0\" allow=\"accelerometer; autoplay; clipboard-write; encrypted-media; gyroscope; picture-in-picture\" allowfullscreen><\/iframe><\/div><\/script><div class='av-click-to-play-overlay'><div class=\"avia_playpause_icon\"><\/div><\/div><\/div><br \/>\n<section class=\"av_textblock_section \"  itemscope=\"itemscope\" itemtype=\"https:\/\/schema.org\/CreativeWork\" ><div class='avia_textblock  '   itemprop=\"text\" ><p>Kulturen kann man im Hinblick auf verschiedene Aspekte vergleichen. Einer davon ist die Unsicherheitsvermeidung. Dabei untersucht man, wie eine Kultur mit Unsicherheiten umgeht. Sichert man sich f\u00fcr den Fall von etwaigen Unsicherheiten und Gefahren zum Beispiel mit einer Versicherung ab oder legt man es darauf an und l\u00e4sst Unsicherheiten auf sich zukommen und macht dann erst das beste draus? Ich habe hier mit Janine dar\u00fcber nachgedacht, wie unterschiedliche Kulturen unterschiedliche Konzepte der Unsicherheitsvermeidung haben k\u00f6nnen.<\/p>\n<\/div><\/section><\/p><\/div>\n<div class=\"flex_column av_one_full  flex_column_div av-zero-column-padding first  avia-builder-el-29  el_after_av_one_full  el_before_av_one_full  column-top-margin\" style='border-radius:0px; '><p><div  style='padding-bottom:10px; ' class='av-special-heading av-special-heading-h3    avia-builder-el-30  el_before_av_video  avia-builder-el-first  '><h3 class='av-special-heading-tag '  itemprop=\"headline\"  >Kulturdimension: Machtdistanz<\/h3><div class='special-heading-border'><div class='special-heading-inner-border' ><\/div><\/div><\/div><br \/>\n<div  class='avia-video avia-video-16-9   av-lazyload-immediate  av-lazyload-video-embed  '   itemprop=\"video\" itemtype=\"https:\/\/schema.org\/VideoObject\"  data-original_url='https:\/\/youtu.be\/onr1AZhvY_I' ><script type='text\/html' class='av-video-tmpl'><div class='avia-iframe-wrap'><iframe title=\"Seayoutraveler \u2013 Interkulturelle Kompetenzen (\/): Machtdistanz\" width=\"1500\" height=\"844\" src=\"https:\/\/www.youtube.com\/embed\/onr1AZhvY_I?feature=oembed&autoplay=0&loop=0&controls=1&mute=0\" frameborder=\"0\" allow=\"accelerometer; autoplay; clipboard-write; encrypted-media; gyroscope; picture-in-picture\" allowfullscreen><\/iframe><\/div><\/script><div class='av-click-to-play-overlay'><div class=\"avia_playpause_icon\"><\/div><\/div><\/div><br \/>\n<section class=\"av_textblock_section \"  itemscope=\"itemscope\" itemtype=\"https:\/\/schema.org\/CreativeWork\" ><div class='avia_textblock  '   itemprop=\"text\" ><p>Wie hierarchisch oder wie egalit\u00e4r die eigene Kultur aufgebaut ist, erfahren wir ebenfalls oft erst im Vergleich zu einer anderen Kultur. Je gr\u00f6\u00dfer die Hierarchien sind, umso gr\u00f6\u00dfer ist die Machtdistanz. Woran man das in der jeweiligen Kultur bemerken kann, habe ich hier mit Janine behandelt.<\/p>\n<\/div><\/section><\/p><\/div>\n<div class=\"flex_column av_one_full  flex_column_div av-zero-column-padding first  avia-builder-el-33  el_after_av_one_full  el_before_av_one_full  column-top-margin\" style='border-radius:0px; '><p><div  style='padding-bottom:10px; ' class='av-special-heading av-special-heading-h3    avia-builder-el-34  el_before_av_video  avia-builder-el-first  '><h3 class='av-special-heading-tag '  itemprop=\"headline\"  >Individualismus vs. Kollektivismus und wie wir durch den Vergleich von Kulturen die eigene kennen lernen<\/h3><div class='special-heading-border'><div class='special-heading-inner-border' ><\/div><\/div><\/div><br \/>\n<div  class='avia-video avia-video-16-9   av-lazyload-immediate  av-lazyload-video-embed  '   itemprop=\"video\" itemtype=\"https:\/\/schema.org\/VideoObject\"  data-original_url='https:\/\/youtu.be\/yUCKawiik3Y' ><script type='text\/html' class='av-video-tmpl'><div class='avia-iframe-wrap'><iframe title=\"Seayoutraveler \u2013 Interkulturelle Kompetenzen (8): eigene Kultur &amp; Individualismus vs. Kollektivismus\" width=\"1500\" height=\"844\" src=\"https:\/\/www.youtube.com\/embed\/yUCKawiik3Y?feature=oembed&autoplay=0&loop=0&controls=1&mute=0\" frameborder=\"0\" allow=\"accelerometer; autoplay; clipboard-write; encrypted-media; gyroscope; picture-in-picture\" allowfullscreen><\/iframe><\/div><\/script><div class='av-click-to-play-overlay'><div class=\"avia_playpause_icon\"><\/div><\/div><\/div><br \/>\n<section class=\"av_textblock_section \"  itemscope=\"itemscope\" itemtype=\"https:\/\/schema.org\/CreativeWork\" ><div class='avia_textblock  '   itemprop=\"text\" ><p>Gerade wenn man Kulturdimensionen vergleicht, bemerkt man Folgendes ganz stark: Durch die Erfahrung einer unterschiedlichen anderen Kultur verstehen wir erst so richtig, was unsere eigene Kultur ausmacht. Darum und um eine weitere Kulturdimension, den Individualismus im Vergleich zum Kollektivismus, geht es in diesem Teil des Interviews.<\/p>\n<\/div><\/section><\/p><\/div><div class=\"flex_column av_one_full  flex_column_div av-zero-column-padding first  avia-builder-el-37  el_after_av_one_full  el_before_av_one_full  column-top-margin\" style='border-radius:0px; '><p><div  style='padding-bottom:10px; ' class='av-special-heading av-special-heading-h3    avia-builder-el-38  el_before_av_video  avia-builder-el-first  '><h3 class='av-special-heading-tag '  itemprop=\"headline\"  >Naturbezug<\/h3><div class='special-heading-border'><div class='special-heading-inner-border' ><\/div><\/div><\/div><br \/>\n<div  class='avia-video avia-video-16-9   av-lazyload-immediate  av-lazyload-video-embed  '   itemprop=\"video\" itemtype=\"https:\/\/schema.org\/VideoObject\"  data-original_url='https:\/\/youtu.be\/xPfCqe-Zp8w' ><script type='text\/html' class='av-video-tmpl'><div class='avia-iframe-wrap'><iframe title=\"Seayoutraveler \u2013 Interkulturelle Kompetenzen (9): Naturbezug\" width=\"1500\" height=\"844\" src=\"https:\/\/www.youtube.com\/embed\/xPfCqe-Zp8w?feature=oembed&autoplay=0&loop=0&controls=1&mute=0\" frameborder=\"0\" allow=\"accelerometer; autoplay; clipboard-write; encrypted-media; gyroscope; picture-in-picture\" allowfullscreen><\/iframe><\/div><\/script><div class='av-click-to-play-overlay'><div class=\"avia_playpause_icon\"><\/div><\/div><\/div><br \/>\n<section class=\"av_textblock_section \"  itemscope=\"itemscope\" itemtype=\"https:\/\/schema.org\/CreativeWork\" ><div class='avia_textblock  '   itemprop=\"text\" ><p>Oftmals kann man beobachten, wie sich der Bezug zu der Natur bei Auslandsreisenden ver\u00e4ndert. Trompenaar beschreibt dies in seinen Kulturdimensionen interne und externe Kontrolle. Bei der internen oder inneren Kontrolle gehen Kulturen davon aus, dass sie die Natur beherrschen, kontrollieren und ihr ihren Willen auferlegen k\u00f6nnen. Im Gegensatz dazu gehen Kulturen bei der externen Kontrolle davon aus, dass die Natur ihr Leben beeinflusst, sie beherrscht und sie sich folglich ihr unterordnen und mit ihr kooperieren m\u00fcssen. Wie sich diese Kulturdimensionen in konkreten Situationen bei Auslandsreisenden abzeichnen, zeigt Janine in ihrem Gespr\u00e4ch mit ihr auf.<\/p>\n<\/div><\/section><\/p><\/div><\/p>\n<div class=\"flex_column av_one_full  flex_column_div av-zero-column-padding first  avia-builder-el-41  el_after_av_one_full  el_before_av_one_full  column-top-margin\" style='border-radius:0px; '><p><div  style='padding-bottom:10px; ' class='av-special-heading av-special-heading-h3    avia-builder-el-42  el_before_av_video  avia-builder-el-first  '><h3 class='av-special-heading-tag '  itemprop=\"headline\"  >Lernprozesse dank des Auslandsaufenthalts<\/h3><div class='special-heading-border'><div class='special-heading-inner-border' ><\/div><\/div><\/div><br \/>\n<div  class='avia-video avia-video-16-9   av-lazyload-immediate  av-lazyload-video-embed  '   itemprop=\"video\" itemtype=\"https:\/\/schema.org\/VideoObject\"  data-original_url='https:\/\/youtu.be\/CpjU1EgOiX0' ><script type='text\/html' class='av-video-tmpl'><div class='avia-iframe-wrap'><iframe title=\"Seayoutraveler \u2013 Interkulturelle Kompetenzen (10): Lernprozesse w\u00e4hrend eines Auslandsaufenthaltes\" width=\"1500\" height=\"844\" src=\"https:\/\/www.youtube.com\/embed\/CpjU1EgOiX0?feature=oembed&autoplay=0&loop=0&controls=1&mute=0\" frameborder=\"0\" allow=\"accelerometer; autoplay; clipboard-write; encrypted-media; gyroscope; picture-in-picture\" allowfullscreen><\/iframe><\/div><\/script><div class='av-click-to-play-overlay'><div class=\"avia_playpause_icon\"><\/div><\/div><\/div><br \/>\n<section class=\"av_textblock_section \"  itemscope=\"itemscope\" itemtype=\"https:\/\/schema.org\/CreativeWork\" ><div class='avia_textblock  '   itemprop=\"text\" ><p>Bei einem Auslandsaufenthalt lernt man nicht nur sprachlich extrem viel dazu, sondern auch menschlich. Welche Lernprozesse Janine bei Auslandsstudierenden beobachten konnte, erz\u00e4hlt sie uns hier.<\/p>\n<\/div><\/section><\/p><\/div>\n<div class=\"flex_column av_one_full  flex_column_div av-zero-column-padding first  avia-builder-el-45  el_after_av_one_full  avia-builder-el-last  column-top-margin\" style='border-radius:0px; '><p><div  style='padding-bottom:10px; ' class='av-special-heading av-special-heading-h3    avia-builder-el-46  el_before_av_video  avia-builder-el-first  '><h3 class='av-special-heading-tag '  itemprop=\"headline\"  >R\u00fcckkehrtypen und der Re-entry Shock<\/h3><div class='special-heading-border'><div class='special-heading-inner-border' ><\/div><\/div><\/div><br \/>\n<div  class='avia-video avia-video-16-9   av-lazyload-immediate  av-lazyload-video-embed  '   itemprop=\"video\" itemtype=\"https:\/\/schema.org\/VideoObject\"  data-original_url='https:\/\/youtu.be\/SEN8RBtdlLM' ><script type='text\/html' class='av-video-tmpl'><div class='avia-iframe-wrap'><iframe title=\"Seayoutraveler \u2013 Interkulturelle Kompetenzen (11):  R\u00fcckkehrtypen und Re-Entry Shock\" width=\"1500\" height=\"844\" src=\"https:\/\/www.youtube.com\/embed\/SEN8RBtdlLM?feature=oembed&autoplay=0&loop=0&controls=1&mute=0\" frameborder=\"0\" allow=\"accelerometer; autoplay; clipboard-write; encrypted-media; gyroscope; picture-in-picture\" allowfullscreen><\/iframe><\/div><\/script><div class='av-click-to-play-overlay'><div class=\"avia_playpause_icon\"><\/div><\/div><\/div><br \/>\n<section class=\"av_textblock_section \"  itemscope=\"itemscope\" itemtype=\"https:\/\/schema.org\/CreativeWork\" ><div class='avia_textblock  '   itemprop=\"text\" ><p>Das Auslandssemester ist zwar zeitlich ab dem Heimflug vorbei, doch innerlich arbeitet es nat\u00fcrlich trotzdem weiter. So kann es zu einem Re-entry Shock kommen, einem Kulturschock beim Zur\u00fcckkommen in die eigene Heimatkultur. Je nachdem was f\u00fcr ein R\u00fcckkehrtyp man ist oder in welcher R\u00fcckkehrphase man gerade steckt, ist man daf\u00fcr anf\u00e4lliger oder eben nicht. Wie die einzelnen R\u00fcckkehrtypen und -phasen und der Re-entry Shock aussehen k\u00f6nnen, erkl\u00e4rt uns Janine hier, im letzten Teil des Interviews.<\/p>\n<\/div><\/section><\/p><\/div>\n","protected":false},"excerpt":{"rendered":"","protected":false},"author":2,"featured_media":0,"parent":0,"menu_order":0,"comment_status":"closed","ping_status":"closed","template":"","meta":{"_links_to":"","_links_to_target":""},"_links":{"self":[{"href":"https:\/\/seayoutraveler.mewi-projekte.de\/index.php?rest_route=\/wp\/v2\/pages\/242"}],"collection":[{"href":"https:\/\/seayoutraveler.mewi-projekte.de\/index.php?rest_route=\/wp\/v2\/pages"}],"about":[{"href":"https:\/\/seayoutraveler.mewi-projekte.de\/index.php?rest_route=\/wp\/v2\/types\/page"}],"author":[{"embeddable":true,"href":"https:\/\/seayoutraveler.mewi-projekte.de\/index.php?rest_route=\/wp\/v2\/users\/2"}],"replies":[{"embeddable":true,"href":"https:\/\/seayoutraveler.mewi-projekte.de\/index.php?rest_route=%2Fwp%2Fv2%2Fcomments&post=242"}],"version-history":[{"count":24,"href":"https:\/\/seayoutraveler.mewi-projekte.de\/index.php?rest_route=\/wp\/v2\/pages\/242\/revisions"}],"predecessor-version":[{"id":571,"href":"https:\/\/seayoutraveler.mewi-projekte.de\/index.php?rest_route=\/wp\/v2\/pages\/242\/revisions\/571"}],"wp:attachment":[{"href":"https:\/\/seayoutraveler.mewi-projekte.de\/index.php?rest_route=%2Fwp%2Fv2%2Fmedia&parent=242"}],"curies":[{"name":"wp","href":"https:\/\/api.w.org\/{rel}","templated":true}]}}