{"id":435,"date":"2021-01-25T11:12:31","date_gmt":"2021-01-25T10:12:31","guid":{"rendered":"https:\/\/seayoutraveler.mewi-projekte.de\/?page_id=435"},"modified":"2021-02-15T21:43:35","modified_gmt":"2021-02-15T20:43:35","slug":"danke","status":"publish","type":"page","link":"https:\/\/seayoutraveler.mewi-projekte.de\/?page_id=435","title":{"rendered":"Danke"},"content":{"rendered":"<div class=\"flex_column av_one_full  flex_column_div av-zero-column-padding first  avia-builder-el-0  el_before_av_one_full  avia-builder-el-first  \" style='border-radius:0px; '><p><div  style='padding-bottom:10px; ' class='av-special-heading av-special-heading-h1    avia-builder-el-1  el_before_av_hr  avia-builder-el-first  '><h1 class='av-special-heading-tag '  itemprop=\"headline\"  >1000 Dank an&#8230;<\/h1><div class='special-heading-border'><div class='special-heading-inner-border' ><\/div><\/div><\/div><br \/>\n<div   class='hr hr-default   avia-builder-el-2  el_after_av_heading  el_before_av_textblock '><span class='hr-inner ' ><span class='hr-inner-style'><\/span><\/span><\/div><br \/>\n<section class=\"av_textblock_section \"  itemscope=\"itemscope\" itemtype=\"https:\/\/schema.org\/CreativeWork\" ><div class='avia_textblock  '   itemprop=\"text\" ><ul>\n<li>Alena Konrad, Janine Zellner und Dr. Julia Zimmermann f\u00fcr Ihre Expertise und Zeit.<\/li>\n<li>Nico Daume, Nathalie Sacc\u00e1, Lena Trost und Bernhard Wohlfahrter f\u00fcr eure technische Unterst\u00fctzung hinter der Kamera und am Ton.<\/li>\n<li>Jasmin B\u00fchner, Johanna Saur und Nathalie Sacc\u00e1 f\u00fcr die inhaltliche Beratung.<\/li>\n<li>Lloyd Baker f\u00fcr die Songs &#8222;Flying&#8220; und &#8222;Yesterday&#8220; f\u00fcr mein Reisetagebuch.<\/li>\n<li>www.frametraxx.de f\u00fcr die gemafreie Musik.<\/li>\n<li>Moritz Gras f\u00fcr das Korrekturlesen und den Schnittplatz.<\/li>\n<li>Jasmin B\u00fchner f\u00fcr das Umwandeln meines Tattoos ins Digitale f\u00fcr mein Logo.<\/li>\n<li>Alle, die mich im Auslandsemester begleitet haben und Fotos und Videos von und f\u00fcr mich gemacht haben.<\/li>\n<li>Marlies Knemeyer f\u00fcr den Interview-Drehort.<\/li>\n<li>PD Dr. Ulrich H\u00e4gele f\u00fcr die universit\u00e4re Betreuung.<\/li>\n<li>das Zentrum f\u00fcr Medienkompetenz f\u00fcr das technische Equipment.<\/li>\n<\/ul>\n<p><strong>Ohne diese Personen w\u00e4re mein Projekt nicht zu realisieren gewesen.<\/strong><\/p>\n<\/div><\/section><\/p><\/div><div class=\"flex_column av_one_full  flex_column_div av-zero-column-padding first  avia-builder-el-4  el_after_av_one_full  avia-builder-el-last  column-top-margin\" style='border-radius:0px; '><section class=\"av_textblock_section \"  itemscope=\"itemscope\" itemtype=\"https:\/\/schema.org\/CreativeWork\" ><div class='avia_textblock  '   itemprop=\"text\" ><p>Seayoutraveler \u2013 ein Werkst\u00fcck entstanden im Rahmen einer Masterarbeit am Institut f\u00fcr Medienwissenschaft an der Eberhard Karls Universit\u00e4t T\u00fcbingen im Jahr 2021.<\/p>\n<p>Alle Aufnahmen in Australien sind vor der Corona-Pandemie entstanden.<\/p>\n<\/div><\/section><\/div><\/p>\n","protected":false},"excerpt":{"rendered":"","protected":false},"author":2,"featured_media":0,"parent":0,"menu_order":0,"comment_status":"closed","ping_status":"closed","template":"","meta":{"_links_to":"","_links_to_target":""},"_links":{"self":[{"href":"https:\/\/seayoutraveler.mewi-projekte.de\/index.php?rest_route=\/wp\/v2\/pages\/435"}],"collection":[{"href":"https:\/\/seayoutraveler.mewi-projekte.de\/index.php?rest_route=\/wp\/v2\/pages"}],"about":[{"href":"https:\/\/seayoutraveler.mewi-projekte.de\/index.php?rest_route=\/wp\/v2\/types\/page"}],"author":[{"embeddable":true,"href":"https:\/\/seayoutraveler.mewi-projekte.de\/index.php?rest_route=\/wp\/v2\/users\/2"}],"replies":[{"embeddable":true,"href":"https:\/\/seayoutraveler.mewi-projekte.de\/index.php?rest_route=%2Fwp%2Fv2%2Fcomments&post=435"}],"version-history":[{"count":13,"href":"https:\/\/seayoutraveler.mewi-projekte.de\/index.php?rest_route=\/wp\/v2\/pages\/435\/revisions"}],"predecessor-version":[{"id":564,"href":"https:\/\/seayoutraveler.mewi-projekte.de\/index.php?rest_route=\/wp\/v2\/pages\/435\/revisions\/564"}],"wp:attachment":[{"href":"https:\/\/seayoutraveler.mewi-projekte.de\/index.php?rest_route=%2Fwp%2Fv2%2Fmedia&parent=435"}],"curies":[{"name":"wp","href":"https:\/\/api.w.org\/{rel}","templated":true}]}}